114.119.154.115 - - [08/Jun/2026:15:21:07 +0200] "GET /assistenza-rex-electrolux-guastalla HTTP/1.1" 301 1 "https://reggio-emilia.elettroservicegroup.it/assistenza-rex-electrolux-guastalla" "Mozilla/5.0 (Linux; Android 7.0;) AppleWebKit/537.36 (HTML, like Gecko) Mobile Safari/537.36 (compatible; PetalBot;+https://webmaster.petalsearch.com/site/petalbot)"
65.108.235.243 - - [08/Jun/2026:15:21:13 +0200] "GET /assistenza-lavastoviglie-bosch-correggio/ HTTP/1.1" 200 24724 "-" "WP Fastest Cache Preload Bot"
65.108.235.243 - - [08/Jun/2026:15:21:14 +0200] "GET /assistenza-lavastoviglie-bosch-reggio-emilia/ HTTP/1.1" 200 24723 "-" "WP Fastest Cache Preload Bot"
65.108.235.243 - - [08/Jun/2026:15:21:14 +0200] "GET /assistenza-lavastoviglie-ariston-rubiera/ HTTP/1.1" 200 24750 "-" "WP Fastest Cache Preload Bot"
114.119.154.115 - - [08/Jun/2026:15:21:14 +0200] "GET /assistenza-rex-electrolux-guastalla/ HTTP/1.1" 200 25031 "https://reggio-emilia.elettroservicegroup.it/assistenza-rex-electrolux-guastalla" "Mozilla/5.0 (Linux; Android 7.0;) AppleWebKit/537.36 (HTML, like Gecko) Mobile Safari/537.36 (compatible; PetalBot;+https://webmaster.petalsearch.com/site/petalbot)"
65.108.235.243 - - [08/Jun/2026:15:21:15 +0200] "GET /assistenza-lavastoviglie-ariston-scandiano/ HTTP/1.1" 200 24748 "-" "WP Fastest Cache Preload Bot"
65.108.235.243 - - [08/Jun/2026:15:22:31 +0200] "POST /wp-cron.php?doing_wp_cron=1780924951.5825769901275634765625 HTTP/1.1" 200 1 "-" "WordPress/7.0; https://reggio-emilia.elettroservicegroup.it"
114.119.141.228 - - [08/Jun/2026:15:22:29 +0200] "GET /assistenza-miele-rubiera/ HTTP/1.1" 200 24929 "https://reggio-emilia.elettroservicegroup.it/assistenza-miele-rubiera/" "Mozilla/5.0 (Linux; Android 7.0;) AppleWebKit/537.36 (HTML, like Gecko) Mobile Safari/537.36 (compatible; PetalBot;+https://webmaster.petalsearch.com/site/petalbot)"
47.128.23.255 - - [08/Jun/2026:15:22:54 +0200] "GET /cosmo-auszahlungsdauer-im-aktuellen-check-wie-schnell-sind-auszahlungen-wirklich/ HTTP/2.0" 200 11853 "-" "Mozilla/5.0 (Linux; Android 5.0) AppleWebKit/537.36 (KHTML, like Gecko) Mobile Safari/537.36 (compatible; Bytespider; spider-feedback@bytedance.com)"
65.108.235.243 - - [08/Jun/2026:15:23:54 +0200] "POST /wp-cron.php?doing_wp_cron=1780925034.8126900196075439453125 HTTP/1.1" 200 1 "-" "WordPress/7.0; https://reggio-emilia.elettroservicegroup.it"
114.119.137.98 - - [08/Jun/2026:15:23:52 +0200] "GET /assistenza-miele-guastalla/ HTTP/1.1" 200 24933 "https://reggio-emilia.elettroservicegroup.it/assistenza-miele-guastalla/" "Mozilla/5.0 (Linux; Android 7.0;) AppleWebKit/537.36 (HTML, like Gecko) Mobile Safari/537.36 (compatible; PetalBot;+https://webmaster.petalsearch.com/site/petalbot)"
65.108.235.243 - - [08/Jun/2026:15:24:45 +0200] "POST /wp-cron.php?doing_wp_cron=1780925085.2723150253295898437500 HTTP/1.1" 200 1 "-" "WordPress/7.0; https://reggio-emilia.elettroservicegroup.it"
2a06:98c0:3600::103 - - [08/Jun/2026:15:24:38 +0200] "GET /favicon.ico HTTP/2.0" 302 1 "-" "-"
114.119.154.115 - - [08/Jun/2026:15:25:16 +0200] "GET /assistenza-miele-guastalla HTTP/1.1" 301 1 "https://reggio-emilia.elettroservicegroup.it/assistenza-miele-guastalla" "Mozilla/5.0 (Linux; Android 7.0;) AppleWebKit/537.36 (HTML, like Gecko) Mobile Safari/537.36 (compatible; PetalBot;+https://webmaster.petalsearch.com/site/petalbot)"
114.119.154.115 - - [08/Jun/2026:15:25:17 +0200] "GET /assistenza-miele-guastalla/ HTTP/1.1" 200 24941 "https://reggio-emilia.elettroservicegroup.it/assistenza-miele-guastalla" "Mozilla/5.0 (Linux; Android 7.0;) AppleWebKit/537.36 (HTML, like Gecko) Mobile Safari/537.36 (compatible; PetalBot;+https://webmaster.petalsearch.com/site/petalbot)"
65.108.235.243 - - [08/Jun/2026:15:26:42 +0200] "POST /wp-cron.php?doing_wp_cron=1780925202.8392798900604248046875 HTTP/1.1" 200 1 "-" "WordPress/7.0; https://reggio-emilia.elettroservicegroup.it"
114.119.132.207 - - [08/Jun/2026:15:26:39 +0200] "GET /assistenza-lavatrici/riparazione_paint/ HTTP/1.1" 200 18983 "https://reggio-emilia.elettroservicegroup.it/assistenza-lavatrici/riparazione_paint" "Mozilla/5.0 (Linux; Android 7.0;) AppleWebKit/537.36 (HTML, like Gecko) Mobile Safari/537.36 (compatible; PetalBot;+https://webmaster.petalsearch.com/site/petalbot)"
65.108.235.243 - - [08/Jun/2026:15:26:43 +0200] "GET /assistenza-lavastoviglie-ariston-santilario-denza/ HTTP/1.1" 200 24839 "-" "WP Fastest Cache Preload Bot"
65.108.235.243 - - [08/Jun/2026:15:26:43 +0200] "GET /assistenza-lavastoviglie-ariston-guastalla/ HTTP/1.1" 200 24750 "-" "WP Fastest Cache Preload Bot"
65.108.235.243 - - [08/Jun/2026:15:26:44 +0200] "GET /assistenza-lavastoviglie-ariston-correggio/ HTTP/1.1" 200 24743 "-" "WP Fastest Cache Preload Bot"
65.108.235.243 - - [08/Jun/2026:15:26:45 +0200] "GET /assistenza-lavastoviglie-ariston-reggio-emilia/ HTTP/1.1" 200 24752 "-" "WP Fastest Cache Preload Bot"
47.128.23.193 - - [08/Jun/2026:15:26:56 +0200] "GET /cosmo-auszahlungsdauer-im-aktuellen-check-wie-schnell-sind-auszahlungen-wirklich/ HTTP/2.0" 200 12014 "-" "Mozilla/5.0 (Linux; Android 5.0) AppleWebKit/537.36 (KHTML, like Gecko) Mobile Safari/537.36 (compatible; Bytespider; spider-feedback@bytedance.com)"
151.84.145.206 - - [08/Jun/2026:15:32:39 +0200] "GET /assistenza-whirlpool-reggio-emilia/ HTTP/2.0" 200 24804 "https://www.bing.com/" "Mozilla/5.0 (Windows NT 10.0; Win64; x64) AppleWebKit/537.36 (KHTML, like Gecko) Chrome/149.0.0.0 Safari/537.36 Edg/149.0.0.0"
151.84.145.206 - - [08/Jun/2026:15:32:39 +0200] "GET /wp-content/cache/wpfc-minified/ky0w1tys/4lapt.css HTTP/2.0" 200 418 "https://reggio-emilia.elettroservicegroup.it/assistenza-whirlpool-reggio-emilia/" "Mozilla/5.0 (Windows NT 10.0; Win64; x64) AppleWebKit/537.36 (KHTML, like Gecko) Chrome/149.0.0.0 Safari/537.36 Edg/149.0.0.0"
151.84.145.206 - - [08/Jun/2026:15:32:39 +0200] "GET /wp-content/uploads/elementor/css/post-14146.css?ver=1780586498 HTTP/2.0" 200 428 "https://reggio-emilia.elettroservicegroup.it/assistenza-whirlpool-reggio-emilia/" "Mozilla/5.0 (Windows NT 10.0; Win64; x64) AppleWebKit/537.36 (KHTML, like Gecko) Chrome/149.0.0.0 Safari/537.36 Edg/149.0.0.0"
151.84.145.206 - - [08/Jun/2026:15:32:39 +0200] "GET /wp-content/uploads/elementor/css/post-17840.css?ver=1780592811 HTTP/2.0" 200 2168 "https://reggio-emilia.elettroservicegroup.it/assistenza-whirlpool-reggio-emilia/" "Mozilla/5.0 (Windows NT 10.0; Win64; x64) AppleWebKit/537.36 (KHTML, like Gecko) Chrome/149.0.0.0 Safari/537.36 Edg/149.0.0.0"
151.84.145.206 - - [08/Jun/2026:15:32:39 +0200] "GET /wp-content/cache/wpfc-minified/kwp9n0f5/4laq4.css HTTP/2.0" 200 7263 "https://reggio-emilia.elettroservicegroup.it/assistenza-whirlpool-reggio-emilia/" "Mozilla/5.0 (Windows NT 10.0; Win64; x64) AppleWebKit/537.36 (KHTML, like Gecko) Chrome/149.0.0.0 Safari/537.36 Edg/149.0.0.0"
151.84.145.206 - - [08/Jun/2026:15:32:39 +0200] "GET /wp-content/cache/wpfc-minified/l9m140dq/4lapt.css HTTP/2.0" 200 7521 "https://reggio-emilia.elettroservicegroup.it/assistenza-whirlpool-reggio-emilia/" "Mozilla/5.0 (Windows NT 10.0; Win64; x64) AppleWebKit/537.36 (KHTML, like Gecko) Chrome/149.0.0.0 Safari/537.36 Edg/149.0.0.0"
151.84.145.206 - - [08/Jun/2026:15:32:39 +0200] "GET /wp-content/uploads/2021/10/cropped-cropped-cropped-logo_white_background.png HTTP/2.0" 200 26788 "https://reggio-emilia.elettroservicegroup.it/assistenza-whirlpool-reggio-emilia/" "Mozilla/5.0 (Windows NT 10.0; Win64; x64) AppleWebKit/537.36 (KHTML, like Gecko) Chrome/149.0.0.0 Safari/537.36 Edg/149.0.0.0"
151.84.145.206 - - [08/Jun/2026:15:32:39 +0200] "GET /wp-content/uploads/elementor/css/post-14366.css?ver=1780586500 HTTP/2.0" 200 302 "https://reggio-emilia.elettroservicegroup.it/assistenza-whirlpool-reggio-emilia/" "Mozilla/5.0 (Windows NT 10.0; Win64; x64) AppleWebKit/537.36 (KHTML, like Gecko) Chrome/149.0.0.0 Safari/537.36 Edg/149.0.0.0"
151.84.145.206 - - [08/Jun/2026:15:32:39 +0200] "GET /wp-content/uploads/2021/10/cropped-logo_white_background.png HTTP/2.0" 200 15855 "https://reggio-emilia.elettroservicegroup.it/assistenza-whirlpool-reggio-emilia/" "Mozilla/5.0 (Windows NT 10.0; Win64; x64) AppleWebKit/537.36 (KHTML, like Gecko) Chrome/149.0.0.0 Safari/537.36 Edg/149.0.0.0"
151.84.145.206 - - [08/Jun/2026:15:32:39 +0200] "GET /wp-content/cache/wpfc-minified/m8ydgnxm/4lapt.css HTTP/2.0" 200 4410 "https://reggio-emilia.elettroservicegroup.it/assistenza-whirlpool-reggio-emilia/" "Mozilla/5.0 (Windows NT 10.0; Win64; x64) AppleWebKit/537.36 (KHTML, like Gecko) Chrome/149.0.0.0 Safari/537.36 Edg/149.0.0.0"
151.84.145.206 - - [08/Jun/2026:15:32:39 +0200] "GET /wp-content/plugins/gp-premium/menu-plus/functions/js/sticky.min.js?ver=2.5.5 HTTP/2.0" 200 2670 "https://reggio-emilia.elettroservicegroup.it/assistenza-whirlpool-reggio-emilia/" "Mozilla/5.0 (Windows NT 10.0; Win64; x64) AppleWebKit/537.36 (KHTML, like Gecko) Chrome/149.0.0.0 Safari/537.36 Edg/149.0.0.0"
151.84.145.206 - - [08/Jun/2026:15:32:39 +0200] "GET /wp-content/cache/wpfc-minified/8tnr6p1l/4lapt.css HTTP/2.0" 200 2043 "https://reggio-emilia.elettroservicegroup.it/assistenza-whirlpool-reggio-emilia/" "Mozilla/5.0 (Windows NT 10.0; Win64; x64) AppleWebKit/537.36 (KHTML, like Gecko) Chrome/149.0.0.0 Safari/537.36 Edg/149.0.0.0"
151.84.145.206 - - [08/Jun/2026:15:32:39 +0200] "GET /wp-content/cache/wpfc-minified/1yoxc57o/4laq4.css HTTP/2.0" 200 16447 "https://reggio-emilia.elettroservicegroup.it/assistenza-whirlpool-reggio-emilia/" "Mozilla/5.0 (Windows NT 10.0; Win64; x64) AppleWebKit/537.36 (KHTML, like Gecko) Chrome/149.0.0.0 Safari/537.36 Edg/149.0.0.0"
151.84.145.206 - - [08/Jun/2026:15:32:39 +0200] "GET /wp-content/cache/wpfc-minified/g52dp1tu/4lapt.css HTTP/2.0" 200 19034 "https://reggio-emilia.elettroservicegroup.it/assistenza-whirlpool-reggio-emilia/" "Mozilla/5.0 (Windows NT 10.0; Win64; x64) AppleWebKit/537.36 (KHTML, like Gecko) Chrome/149.0.0.0 Safari/537.36 Edg/149.0.0.0"
151.84.145.206 - - [08/Jun/2026:15:32:39 +0200] "GET /wp-content/cache/wpfc-minified/lnwln415/4lapt.js HTTP/2.0" 200 32852 "https://reggio-emilia.elettroservicegroup.it/assistenza-whirlpool-reggio-emilia/" "Mozilla/5.0 (Windows NT 10.0; Win64; x64) AppleWebKit/537.36 (KHTML, like Gecko) Chrome/149.0.0.0 Safari/537.36 Edg/149.0.0.0"
151.84.145.206 - - [08/Jun/2026:15:32:39 +0200] "GET /wp-content/cache/wpfc-minified/2bi5m9ld/4laq4.js HTTP/2.0" 200 8754 "https://reggio-emilia.elettroservicegroup.it/assistenza-whirlpool-reggio-emilia/" "Mozilla/5.0 (Windows NT 10.0; Win64; x64) AppleWebKit/537.36 (KHTML, like Gecko) Chrome/149.0.0.0 Safari/537.36 Edg/149.0.0.0"
151.84.145.206 - - [08/Jun/2026:15:32:40 +0200] "GET /wp-content/plugins/elementor/assets/js/webpack.runtime.min.js?ver=4.1.1 HTTP/2.0" 200 2340 "https://reggio-emilia.elettroservicegroup.it/assistenza-whirlpool-reggio-emilia/" "Mozilla/5.0 (Windows NT 10.0; Win64; x64) AppleWebKit/537.36 (KHTML, like Gecko) Chrome/149.0.0.0 Safari/537.36 Edg/149.0.0.0"
151.84.145.206 - - [08/Jun/2026:15:32:40 +0200] "GET /wp-content/plugins/elementor/assets/js/frontend-modules.min.js?ver=4.1.1 HTTP/2.0" 200 15454 "https://reggio-emilia.elettroservicegroup.it/assistenza-whirlpool-reggio-emilia/" "Mozilla/5.0 (Windows NT 10.0; Win64; x64) AppleWebKit/537.36 (KHTML, like Gecko) Chrome/149.0.0.0 Safari/537.36 Edg/149.0.0.0"
151.84.145.206 - - [08/Jun/2026:15:32:40 +0200] "GET /wp-includes/js/jquery/ui/core.min.js?ver=1.13.3 HTTP/2.0" 200 6820 "https://reggio-emilia.elettroservicegroup.it/assistenza-whirlpool-reggio-emilia/" "Mozilla/5.0 (Windows NT 10.0; Win64; x64) AppleWebKit/537.36 (KHTML, like Gecko) Chrome/149.0.0.0 Safari/537.36 Edg/149.0.0.0"
151.84.145.206 - - [08/Jun/2026:15:32:40 +0200] "GET /wp-content/plugins/elementor/assets/js/frontend.min.js?ver=4.1.1 HTTP/2.0" 200 10140 "https://reggio-emilia.elettroservicegroup.it/assistenza-whirlpool-reggio-emilia/" "Mozilla/5.0 (Windows NT 10.0; Win64; x64) AppleWebKit/537.36 (KHTML, like Gecko) Chrome/149.0.0.0 Safari/537.36 Edg/149.0.0.0"
151.84.145.206 - - [08/Jun/2026:15:32:40 +0200] "GET /wp-content/themes/generatepress/assets/js/back-to-top.min.js?ver=3.6.1 HTTP/2.0" 200 336 "https://reggio-emilia.elettroservicegroup.it/assistenza-whirlpool-reggio-emilia/" "Mozilla/5.0 (Windows NT 10.0; Win64; x64) AppleWebKit/537.36 (KHTML, like Gecko) Chrome/149.0.0.0 Safari/537.36 Edg/149.0.0.0"
151.84.145.206 - - [08/Jun/2026:15:32:40 +0200] "GET /wp-content/themes/generatepress/assets/js/menu.min.js?ver=3.6.1 HTTP/2.0" 200 1688 "https://reggio-emilia.elettroservicegroup.it/assistenza-whirlpool-reggio-emilia/" "Mozilla/5.0 (Windows NT 10.0; Win64; x64) AppleWebKit/537.36 (KHTML, like Gecko) Chrome/149.0.0.0 Safari/537.36 Edg/149.0.0.0"
151.84.145.206 - - [08/Jun/2026:15:32:40 +0200] "GET /wp-content/plugins/complianz-gdpr-premium/cookiebanner/js/complianz.min.js?ver=1780326507 HTTP/2.0" 200 10708 "https://reggio-emilia.elettroservicegroup.it/assistenza-whirlpool-reggio-emilia/" "Mozilla/5.0 (Windows NT 10.0; Win64; x64) AppleWebKit/537.36 (KHTML, like Gecko) Chrome/149.0.0.0 Safari/537.36 Edg/149.0.0.0"
151.84.145.206 - - [08/Jun/2026:15:32:40 +0200] "GET /wp-content/uploads/2022/10/COPERTINA-6.png HTTP/2.0" 200 238875 "https://reggio-emilia.elettroservicegroup.it/wp-content/uploads/elementor/css/post-17840.css?ver=1780592811" "Mozilla/5.0 (Windows NT 10.0; Win64; x64) AppleWebKit/537.36 (KHTML, like Gecko) Chrome/149.0.0.0 Safari/537.36 Edg/149.0.0.0"
151.84.145.206 - - [08/Jun/2026:15:32:40 +0200] "GET /wp-content/uploads/2022/01/elettrodomestici.jpg HTTP/2.0" 200 10123 "https://reggio-emilia.elettroservicegroup.it/assistenza-whirlpool-reggio-emilia/" "Mozilla/5.0 (Windows NT 10.0; Win64; x64) AppleWebKit/537.36 (KHTML, like Gecko) Chrome/149.0.0.0 Safari/537.36 Edg/149.0.0.0"
151.84.145.206 - - [08/Jun/2026:15:32:40 +0200] "GET /wp-content/uploads/2021/10/TECNICO-ELETTRODOMESTICI-10.jpg HTTP/2.0" 200 23089 "https://reggio-emilia.elettroservicegroup.it/assistenza-whirlpool-reggio-emilia/" "Mozilla/5.0 (Windows NT 10.0; Win64; x64) AppleWebKit/537.36 (KHTML, like Gecko) Chrome/149.0.0.0 Safari/537.36 Edg/149.0.0.0"
151.84.145.206 - - [08/Jun/2026:15:32:40 +0200] "GET /wp-content/uploads/elementor/google-fonts/fonts/roboto-kfo7cnqeu92fr1me7ksn66agldtyluama3yuba.woff2 HTTP/2.0" 200 40132 "https://reggio-emilia.elettroservicegroup.it/wp-content/cache/wpfc-minified/8tnr6p1l/4lapt.css" "Mozilla/5.0 (Windows NT 10.0; Win64; x64) AppleWebKit/537.36 (KHTML, like Gecko) Chrome/149.0.0.0 Safari/537.36 Edg/149.0.0.0"
151.84.145.206 - - [08/Jun/2026:15:32:40 +0200] "GET /wp-content/plugins/elementor/assets/js/section-frontend-handlers.d85ab872da118940910d.bundle.min.js HTTP/2.0" 200 230 "https://reggio-emilia.elettroservicegroup.it/assistenza-whirlpool-reggio-emilia/" "Mozilla/5.0 (Windows NT 10.0; Win64; x64) AppleWebKit/537.36 (KHTML, like Gecko) Chrome/149.0.0.0 Safari/537.36 Edg/149.0.0.0"
151.84.145.206 - - [08/Jun/2026:15:32:40 +0200] "GET /wp-content/plugins/elementor/assets/js/text-editor.45609661e409413f1cef.bundle.min.js HTTP/2.0" 200 592 "https://reggio-emilia.elettroservicegroup.it/assistenza-whirlpool-reggio-emilia/" "Mozilla/5.0 (Windows NT 10.0; Win64; x64) AppleWebKit/537.36 (KHTML, like Gecko) Chrome/149.0.0.0 Safari/537.36 Edg/149.0.0.0"
151.84.145.206 - - [08/Jun/2026:15:32:40 +0200] "GET /wp-content/plugins/elementor/assets/js/shared-frontend-handlers.03caa53373b56d3bab67.bundle.min.js HTTP/2.0" 200 2515 "https://reggio-emilia.elettroservicegroup.it/assistenza-whirlpool-reggio-emilia/" "Mozilla/5.0 (Windows NT 10.0; Win64; x64) AppleWebKit/537.36 (KHTML, like Gecko) Chrome/149.0.0.0 Safari/537.36 Edg/149.0.0.0"
151.84.145.206 - - [08/Jun/2026:15:32:40 +0200] "GET /wp-content/uploads/2021/10/cropped-cropped-cropped-cropped-logo_white_background-32x32.png HTTP/2.0" 200 1181 "https://reggio-emilia.elettroservicegroup.it/assistenza-whirlpool-reggio-emilia/" "Mozilla/5.0 (Windows NT 10.0; Win64; x64) AppleWebKit/537.36 (KHTML, like Gecko) Chrome/149.0.0.0 Safari/537.36 Edg/149.0.0.0"
65.108.235.243 - - [08/Jun/2026:15:32:42 +0200] "POST /wp-cron.php?doing_wp_cron=1780925562.9663319587707519531250 HTTP/1.1" 200 1 "-" "WordPress/7.0; https://reggio-emilia.elettroservicegroup.it"
151.84.145.206 - - [08/Jun/2026:15:32:40 +0200] "GET /wp-json/complianz/v1/banner?lang=it&locale=it_IT&token=vsgin HTTP/2.0" 200 84 "https://reggio-emilia.elettroservicegroup.it/assistenza-whirlpool-reggio-emilia/" "Mozilla/5.0 (Windows NT 10.0; Win64; x64) AppleWebKit/537.36 (KHTML, like Gecko) Chrome/149.0.0.0 Safari/537.36 Edg/149.0.0.0"
151.84.145.206 - - [08/Jun/2026:15:32:43 +0200] "GET /wp-content/uploads/complianz/css/banner-1-optin.css?v=511 HTTP/2.0" 200 2622 "https://reggio-emilia.elettroservicegroup.it/assistenza-whirlpool-reggio-emilia/" "Mozilla/5.0 (Windows NT 10.0; Win64; x64) AppleWebKit/537.36 (KHTML, like Gecko) Chrome/149.0.0.0 Safari/537.36 Edg/149.0.0.0"
151.84.145.206 - - [08/Jun/2026:15:32:43 +0200] "GET /wp-json/complianz/v1/cookie_data HTTP/2.0" 200 82 "https://reggio-emilia.elettroservicegroup.it/assistenza-whirlpool-reggio-emilia/" "Mozilla/5.0 (Windows NT 10.0; Win64; x64) AppleWebKit/537.36 (KHTML, like Gecko) Chrome/149.0.0.0 Safari/537.36 Edg/149.0.0.0"
65.108.235.243 - - [08/Jun/2026:15:32:44 +0200] "GET /assistenza-lavastoviglie-aeg-rubiera/ HTTP/1.1" 200 24734 "-" "WP Fastest Cache Preload Bot"
151.84.145.206 - - [08/Jun/2026:15:32:44 +0200] "POST /wp-json/complianz/v1/track HTTP/2.0" 200 20 "https://reggio-emilia.elettroservicegroup.it/assistenza-whirlpool-reggio-emilia/" "Mozilla/5.0 (Windows NT 10.0; Win64; x64) AppleWebKit/537.36 (KHTML, like Gecko) Chrome/149.0.0.0 Safari/537.36 Edg/149.0.0.0"
151.84.145.206 - - [08/Jun/2026:15:32:45 +0200] "GET /wp-content/uploads/2022/01/elettro7-300x120.jpg HTTP/2.0" 200 7731 "https://reggio-emilia.elettroservicegroup.it/assistenza-whirlpool-reggio-emilia/" "Mozilla/5.0 (Windows NT 10.0; Win64; x64) AppleWebKit/537.36 (KHTML, like Gecko) Chrome/149.0.0.0 Safari/537.36 Edg/149.0.0.0"
65.108.235.243 - - [08/Jun/2026:15:32:44 +0200] "GET /assistenza-lavastoviglie-aeg-scandiano/ HTTP/1.1" 200 24733 "-" "WP Fastest Cache Preload Bot"
65.108.235.243 - - [08/Jun/2026:15:32:46 +0200] "GET /assistenza-lavastoviglie-aeg-santilario-denza/ HTTP/1.1" 200 24819 "-" "WP Fastest Cache Preload Bot"
151.84.145.206 - - [08/Jun/2026:15:32:50 +0200] "GET /wp-content/uploads/2022/01/Whirlpool_logo.jpg HTTP/2.0" 404 17960 "https://reggio-emilia.elettroservicegroup.it/assistenza-whirlpool-reggio-emilia/" "Mozilla/5.0 (Windows NT 10.0; Win64; x64) AppleWebKit/537.36 (KHTML, like Gecko) Chrome/149.0.0.0 Safari/537.36 Edg/149.0.0.0"
151.84.145.206 - - [08/Jun/2026:15:32:53 +0200] "GET /wp-content/uploads/2022/01/tecnico-elettro.jpg HTTP/2.0" 200 59916 "https://reggio-emilia.elettroservicegroup.it/assistenza-whirlpool-reggio-emilia/" "Mozilla/5.0 (Windows NT 10.0; Win64; x64) AppleWebKit/537.36 (KHTML, like Gecko) Chrome/149.0.0.0 Safari/537.36 Edg/149.0.0.0"
65.108.235.243 - - [08/Jun/2026:15:32:50 +0200] "GET /assistenza-lavastoviglie-aeg-guastalla/ HTTP/1.1" 200 24869 "-" "WP Fastest Cache Preload Bot"
89.249.73.250 - - [08/Jun/2026:15:35:49 +0200] "GET /wp-login.php HTTP/2.0" 200 11788 "https://reggio-emilia.elettroservicegroup.it/" "Mozilla/5.0 (Windows NT 10.0; Win64; x64) AppleWebKit/537.36 (KHTML, like Gecko) Chrome/147.0.0.0 Safari/537.36"
89.249.73.250 - - [08/Jun/2026:15:35:50 +0200] "GET /z0f76a1d14fd21a8fb5fd0d03e0fdc3d3cedae52f?wsidchk=9999771&pdata=https%253A%252F%252Freggio-emilia.elettroservicegroup.it%252Fwp-login.php&id=7fa3b767c460b54a2be4d49030b349c7&ts=1780925749 HTTP/2.0" 302 281 "https://reggio-emilia.elettroservicegroup.it/wp-login.php" "Mozilla/5.0 (Windows NT 10.0; Win64; x64) AppleWebKit/537.36 (KHTML, like Gecko) Chrome/147.0.0.0 Safari/537.36"
65.108.235.243 - - [08/Jun/2026:15:35:52 +0200] "POST /wp-cron.php?doing_wp_cron=1780925752.6083250045776367187500 HTTP/1.1" 200 1 "-" "WordPress/7.0; https://reggio-emilia.elettroservicegroup.it"
89.249.73.250 - - [08/Jun/2026:15:35:51 +0200] "GET /wp-login.php HTTP/2.0" 200 5033 "https://reggio-emilia.elettroservicegroup.it/wp-login.php" "Mozilla/5.0 (Windows NT 10.0; Win64; x64) AppleWebKit/537.36 (KHTML, like Gecko) Chrome/147.0.0.0 Safari/537.36"
89.249.73.250 - - [08/Jun/2026:15:35:52 +0200] "GET /wp-includes/js/wp-util.min.js?ver=7.0 HTTP/2.0" 200 693 "https://reggio-emilia.elettroservicegroup.it/wp-login.php" "Mozilla/5.0 (Windows NT 10.0; Win64; x64) AppleWebKit/537.36 (KHTML, like Gecko) Chrome/147.0.0.0 Safari/537.36"
89.249.73.250 - - [08/Jun/2026:15:35:52 +0200] "GET /wp-admin/js/password-strength-meter.min.js?ver=7.0 HTTP/2.0" 200 560 "https://reggio-emilia.elettroservicegroup.it/wp-login.php" "Mozilla/5.0 (Windows NT 10.0; Win64; x64) AppleWebKit/537.36 (KHTML, like Gecko) Chrome/147.0.0.0 Safari/537.36"
89.249.73.250 - - [08/Jun/2026:15:35:52 +0200] "GET /wp-includes/js/dist/a11y.min.js?ver=af934e5259bc51b8718e HTTP/2.0" 200 915 "https://reggio-emilia.elettroservicegroup.it/wp-login.php" "Mozilla/5.0 (Windows NT 10.0; Win64; x64) AppleWebKit/537.36 (KHTML, like Gecko) Chrome/147.0.0.0 Safari/537.36"
89.249.73.250 - - [08/Jun/2026:15:35:52 +0200] "GET /wp-admin/js/user-profile.min.js?ver=7.0 HTTP/2.0" 200 2891 "https://reggio-emilia.elettroservicegroup.it/wp-login.php" "Mozilla/5.0 (Windows NT 10.0; Win64; x64) AppleWebKit/537.36 (KHTML, like Gecko) Chrome/147.0.0.0 Safari/537.36"
89.249.73.250 - - [08/Jun/2026:15:35:52 +0200] "GET /wp-content/plugins/wordfence/modules/login-security/js/login.1778685035.js?ver=1.1.16 HTTP/2.0" 200 5237 "https://reggio-emilia.elettroservicegroup.it/wp-login.php" "Mozilla/5.0 (Windows NT 10.0; Win64; x64) AppleWebKit/537.36 (KHTML, like Gecko) Chrome/147.0.0.0 Safari/537.36"
89.249.73.250 - - [08/Jun/2026:15:35:52 +0200] "GET /wp-includes/js/dist/dom-ready.min.js?ver=a06281ae5cf5500e9317 HTTP/2.0" 200 398 "https://reggio-emilia.elettroservicegroup.it/wp-login.php" "Mozilla/5.0 (Windows NT 10.0; Win64; x64) AppleWebKit/537.36 (KHTML, like Gecko) Chrome/147.0.0.0 Safari/537.36"
89.249.73.250 - - [08/Jun/2026:15:35:52 +0200] "GET /wp-content/plugins/wordfence/modules/login-security/css/login.1778685035.css?ver=1.1.16 HTTP/2.0" 200 705 "https://reggio-emilia.elettroservicegroup.it/wp-login.php" "Mozilla/5.0 (Windows NT 10.0; Win64; x64) AppleWebKit/537.36 (KHTML, like Gecko) Chrome/147.0.0.0 Safari/537.36"
89.249.73.250 - - [08/Jun/2026:15:35:52 +0200] "GET /wp-includes/js/dist/i18n.min.js?ver=781d11515ad3d91786ec HTTP/2.0" 200 2333 "https://reggio-emilia.elettroservicegroup.it/wp-login.php" "Mozilla/5.0 (Windows NT 10.0; Win64; x64) AppleWebKit/537.36 (KHTML, like Gecko) Chrome/147.0.0.0 Safari/537.36"
89.249.73.250 - - [08/Jun/2026:15:35:52 +0200] "GET /wp-includes/js/underscore.min.js?ver=1.13.8 HTTP/2.0" 200 7243 "https://reggio-emilia.elettroservicegroup.it/wp-login.php" "Mozilla/5.0 (Windows NT 10.0; Win64; x64) AppleWebKit/537.36 (KHTML, like Gecko) Chrome/147.0.0.0 Safari/537.36"
89.249.73.250 - - [08/Jun/2026:15:35:52 +0200] "GET /wp-admin/load-scripts.php?c=1&load%5Bchunk_0%5D=clipboard,zxcvbn-async,wp-hooks&ver=7.0 HTTP/2.0" 200 4694 "https://reggio-emilia.elettroservicegroup.it/wp-login.php" "Mozilla/5.0 (Windows NT 10.0; Win64; x64) AppleWebKit/537.36 (KHTML, like Gecko) Chrome/147.0.0.0 Safari/537.36"
89.249.73.250 - - [08/Jun/2026:15:35:52 +0200] "GET /wp-admin/load-styles.php?c=1&dir=ltr&load%5Bchunk_0%5D=dashicons,buttons,forms,l10n,wp-base-styles,login&ver=7.0 HTTP/2.0" 200 45751 "https://reggio-emilia.elettroservicegroup.it/wp-login.php" "Mozilla/5.0 (Windows NT 10.0; Win64; x64) AppleWebKit/537.36 (KHTML, like Gecko) Chrome/147.0.0.0 Safari/537.36"
89.249.73.250 - - [08/Jun/2026:15:35:52 +0200] "GET /wp-admin/load-scripts.php?c=1&load%5Bchunk_0%5D=jquery-core,jquery-migrate&ver=7.0 HTTP/2.0" 200 33365 "https://reggio-emilia.elettroservicegroup.it/wp-login.php" "Mozilla/5.0 (Windows NT 10.0; Win64; x64) AppleWebKit/537.36 (KHTML, like Gecko) Chrome/147.0.0.0 Safari/537.36"
89.249.73.250 - - [08/Jun/2026:15:35:53 +0200] "GET /wp-admin/images/wordpress-logo-gray.svg?ver=20260303 HTTP/2.0" 200 765 "https://reggio-emilia.elettroservicegroup.it/wp-admin/load-styles.php?c=1&dir=ltr&load%5Bchunk_0%5D=dashicons,buttons,forms,l10n,wp-base-styles,login&ver=7.0" "Mozilla/5.0 (Windows NT 10.0; Win64; x64) AppleWebKit/537.36 (KHTML, like Gecko) Chrome/147.0.0.0 Safari/537.36"
89.249.73.250 - - [08/Jun/2026:15:35:53 +0200] "GET /wp-includes/js/zxcvbn.min.js HTTP/2.0" 200 387992 "https://reggio-emilia.elettroservicegroup.it/wp-login.php" "Mozilla/5.0 (Windows NT 10.0; Win64; x64) AppleWebKit/537.36 (KHTML, like Gecko) Chrome/147.0.0.0 Safari/537.36"
89.249.73.250 - - [08/Jun/2026:15:35:53 +0200] "GET /wp-content/uploads/2021/10/cropped-cropped-cropped-cropped-logo_white_background-192x192.png HTTP/2.0" 200 15729 "https://reggio-emilia.elettroservicegroup.it/wp-login.php" "Mozilla/5.0 (Windows NT 10.0; Win64; x64) AppleWebKit/537.36 (KHTML, like Gecko) Chrome/147.0.0.0 Safari/537.36"
65.108.235.243 - - [08/Jun/2026:15:35:53 +0200] "GET /assistenza-lavastoviglie-aeg-correggio/ HTTP/1.1" 200 24871 "-" "WP Fastest Cache Preload Bot"
65.108.235.243 - - [08/Jun/2026:15:35:53 +0200] "GET /assistenza-lavastoviglie-aeg-reggio-emilia/ HTTP/1.1" 200 24732 "-" "WP Fastest Cache Preload Bot"
65.108.235.243 - - [08/Jun/2026:15:35:54 +0200] "GET /assistenza-indesit-rubiera/ HTTP/1.1" 200 24762 "-" "WP Fastest Cache Preload Bot"
65.108.235.243 - - [08/Jun/2026:15:35:54 +0200] "GET /assistenza-lavastoviglie-rubiera/ HTTP/1.1" 200 25417 "-" "WP Fastest Cache Preload Bot"
89.249.73.250 - - [08/Jun/2026:15:35:56 +0200] "POST /xmlrpc.php HTTP/1.1" 403 52 "-" "Mozilla/5.0 (Windows NT 10.0; Win64; x64) AppleWebKit/537.36 (KHTML, like Gecko) Chrome/147.0.0.0 Safari/537.36"
89.249.73.250 - - [08/Jun/2026:15:35:55 +0200] "POST /wp-admin/admin-ajax.php HTTP/2.0" 503 6758 "https://reggio-emilia.elettroservicegroup.it/wp-login.php" "Mozilla/5.0 (Windows NT 10.0; Win64; x64) AppleWebKit/537.36 (KHTML, like Gecko) Chrome/147.0.0.0 Safari/537.36"
89.249.73.250 - - [08/Jun/2026:15:35:57 +0200] "GET /wp-login.php HTTP/2.0" 503 6566 "https://reggio-emilia.elettroservicegroup.it/wp-login.php" "Mozilla/5.0 (Windows NT 10.0; Win64; x64) AppleWebKit/537.36 (KHTML, like Gecko) Chrome/147.0.0.0 Safari/537.36"
89.249.73.250 - - [08/Jun/2026:15:35:57 +0200] "GET /favicon.ico HTTP/2.0" 503 6566 "https://reggio-emilia.elettroservicegroup.it/wp-login.php" "Mozilla/5.0 (Windows NT 10.0; Win64; x64) AppleWebKit/537.36 (KHTML, like Gecko) Chrome/147.0.0.0 Safari/537.36"
47.128.23.50 - - [08/Jun/2026:15:44:32 +0200] "GET / HTTP/2.0" 200 11808 "-" "Mozilla/5.0 (compatible; Bytespider; spider-feedback@bytedance.com) AppleWebKit/537.36 (KHTML, like Gecko) Chrome/70.0.0.0 Safari/537.36"
65.108.235.243 - - [08/Jun/2026:15:44:36 +0200] "POST /wp-cron.php?doing_wp_cron=1780926276.4961440563201904296875 HTTP/1.1" 200 1 "-" "WordPress/7.0; https://reggio-emilia.elettroservicegroup.it"
65.108.235.243 - - [08/Jun/2026:15:44:36 +0200] "POST /?wordfence_syncAttackData=1780926276.1197 HTTP/1.1" 200 1 "-" "WordPress/7.0; https://reggio-emilia.elettroservicegroup.it"
47.128.23.50 - - [08/Jun/2026:15:44:34 +0200] "GET /z0f76a1d14fd21a8fb5fd0d03e0fdc3d3cedae52f?id=a6105c0a611b41b08f1209506350279e&ts=1780926272&wsidchk=7365478&pdata=https%253A%252F%252Freggio-emilia.elettroservicegroup.it&failedChecks=userAgentCheck HTTP/2.0" 404 - "https://reggio-emilia.elettroservicegroup.it/" "Mozilla/5.0 (compatible; Bytespider; spider-feedback@bytedance.com) AppleWebKit/537.36 (KHTML, like Gecko) Chrome/70.0.0.0 Safari/537.36"
65.108.235.243 - - [08/Jun/2026:15:44:37 +0200] "GET /assistenza-indesit-scandiano/ HTTP/1.1" 200 24759 "-" "WP Fastest Cache Preload Bot"
65.108.235.243 - - [08/Jun/2026:15:44:37 +0200] "GET /assistenza-lavastoviglie-scandiano/ HTTP/1.1" 200 25271 "-" "WP Fastest Cache Preload Bot"
65.108.235.243 - - [08/Jun/2026:15:44:38 +0200] "GET /assistenza-lavastoviglie-santilario-denza/ HTTP/1.1" 200 25342 "-" "WP Fastest Cache Preload Bot"
65.108.235.243 - - [08/Jun/2026:15:44:38 +0200] "GET /assistenza-indesit-santilario-denza/ HTTP/1.1" 200 24822 "-" "WP Fastest Cache Preload Bot"
2.37.167.50 - - [08/Jun/2026:15:45:03 +0200] "GET /assistenza-siemens-reggio-emilia/ HTTP/2.0" 200 24668 "https://www.google.com/" "Mozilla/5.0 (Windows NT 10.0; Win64; x64) AppleWebKit/537.36 (KHTML, like Gecko) Chrome/149.0.0.0 Safari/537.36 Edg/149.0.0.0"
2.37.167.50 - - [08/Jun/2026:15:45:03 +0200] "GET /wp-content/cache/wpfc-minified/l9m140dq/4lapt.css HTTP/2.0" 200 7521 "https://reggio-emilia.elettroservicegroup.it/assistenza-siemens-reggio-emilia/" "Mozilla/5.0 (Windows NT 10.0; Win64; x64) AppleWebKit/537.36 (KHTML, like Gecko) Chrome/149.0.0.0 Safari/537.36 Edg/149.0.0.0"
2.37.167.50 - - [08/Jun/2026:15:45:03 +0200] "GET /wp-content/cache/wpfc-minified/ky0w1tys/4lapt.css HTTP/2.0" 200 418 "https://reggio-emilia.elettroservicegroup.it/assistenza-siemens-reggio-emilia/" "Mozilla/5.0 (Windows NT 10.0; Win64; x64) AppleWebKit/537.36 (KHTML, like Gecko) Chrome/149.0.0.0 Safari/537.36 Edg/149.0.0.0"
2.37.167.50 - - [08/Jun/2026:15:45:03 +0200] "GET /wp-content/uploads/elementor/css/post-14146.css?ver=1780586498 HTTP/2.0" 200 428 "https://reggio-emilia.elettroservicegroup.it/assistenza-siemens-reggio-emilia/" "Mozilla/5.0 (Windows NT 10.0; Win64; x64) AppleWebKit/537.36 (KHTML, like Gecko) Chrome/149.0.0.0 Safari/537.36 Edg/149.0.0.0"
2.37.167.50 - - [08/Jun/2026:15:45:03 +0200] "GET /wp-content/uploads/elementor/css/post-17828.css?ver=1780599551 HTTP/2.0" 200 2176 "https://reggio-emilia.elettroservicegroup.it/assistenza-siemens-reggio-emilia/" "Mozilla/5.0 (Windows NT 10.0; Win64; x64) AppleWebKit/537.36 (KHTML, like Gecko) Chrome/149.0.0.0 Safari/537.36 Edg/149.0.0.0"
2.37.167.50 - - [08/Jun/2026:15:45:03 +0200] "GET /wp-content/uploads/elementor/css/post-14366.css?ver=1780586500 HTTP/2.0" 200 302 "https://reggio-emilia.elettroservicegroup.it/assistenza-siemens-reggio-emilia/" "Mozilla/5.0 (Windows NT 10.0; Win64; x64) AppleWebKit/537.36 (KHTML, like Gecko) Chrome/149.0.0.0 Safari/537.36 Edg/149.0.0.0"
2.37.167.50 - - [08/Jun/2026:15:45:03 +0200] "GET /wp-content/uploads/2021/10/cropped-cropped-cropped-logo_white_background.png HTTP/2.0" 200 26788 "https://reggio-emilia.elettroservicegroup.it/assistenza-siemens-reggio-emilia/" "Mozilla/5.0 (Windows NT 10.0; Win64; x64) AppleWebKit/537.36 (KHTML, like Gecko) Chrome/149.0.0.0 Safari/537.36 Edg/149.0.0.0"
2.37.167.50 - - [08/Jun/2026:15:45:03 +0200] "GET /wp-content/cache/wpfc-minified/kwp9n0f5/4laq4.css HTTP/2.0" 200 7263 "https://reggio-emilia.elettroservicegroup.it/assistenza-siemens-reggio-emilia/" "Mozilla/5.0 (Windows NT 10.0; Win64; x64) AppleWebKit/537.36 (KHTML, like Gecko) Chrome/149.0.0.0 Safari/537.36 Edg/149.0.0.0"
2.37.167.50 - - [08/Jun/2026:15:45:03 +0200] "GET /wp-content/uploads/2021/10/cropped-logo_white_background.png HTTP/2.0" 200 15855 "https://reggio-emilia.elettroservicegroup.it/assistenza-siemens-reggio-emilia/" "Mozilla/5.0 (Windows NT 10.0; Win64; x64) AppleWebKit/537.36 (KHTML, like Gecko) Chrome/149.0.0.0 Safari/537.36 Edg/149.0.0.0"
2.37.167.50 - - [08/Jun/2026:15:45:03 +0200] "GET /wp-content/plugins/gp-premium/menu-plus/functions/js/sticky.min.js?ver=2.5.5 HTTP/2.0" 200 2670 "https://reggio-emilia.elettroservicegroup.it/assistenza-siemens-reggio-emilia/" "Mozilla/5.0 (Windows NT 10.0; Win64; x64) AppleWebKit/537.36 (KHTML, like Gecko) Chrome/149.0.0.0 Safari/537.36 Edg/149.0.0.0"
2.37.167.50 - - [08/Jun/2026:15:45:03 +0200] "GET /wp-content/cache/wpfc-minified/8tnr6p1l/4lapt.css HTTP/2.0" 200 2043 "https://reggio-emilia.elettroservicegroup.it/assistenza-siemens-reggio-emilia/" "Mozilla/5.0 (Windows NT 10.0; Win64; x64) AppleWebKit/537.36 (KHTML, like Gecko) Chrome/149.0.0.0 Safari/537.36 Edg/149.0.0.0"
2.37.167.50 - - [08/Jun/2026:15:45:03 +0200] "GET /wp-content/cache/wpfc-minified/2bi5m9ld/4laq4.js HTTP/2.0" 200 8754 "https://reggio-emilia.elettroservicegroup.it/assistenza-siemens-reggio-emilia/" "Mozilla/5.0 (Windows NT 10.0; Win64; x64) AppleWebKit/537.36 (KHTML, like Gecko) Chrome/149.0.0.0 Safari/537.36 Edg/149.0.0.0"
2.37.167.50 - - [08/Jun/2026:15:45:03 +0200] "GET /wp-content/cache/wpfc-minified/m8ydgnxm/4lapt.css HTTP/2.0" 200 4410 "https://reggio-emilia.elettroservicegroup.it/assistenza-siemens-reggio-emilia/" "Mozilla/5.0 (Windows NT 10.0; Win64; x64) AppleWebKit/537.36 (KHTML, like Gecko) Chrome/149.0.0.0 Safari/537.36 Edg/149.0.0.0"
2.37.167.50 - - [08/Jun/2026:15:45:03 +0200] "GET /wp-content/cache/wpfc-minified/1yoxc57o/4laq4.css HTTP/2.0" 200 16447 "https://reggio-emilia.elettroservicegroup.it/assistenza-siemens-reggio-emilia/" "Mozilla/5.0 (Windows NT 10.0; Win64; x64) AppleWebKit/537.36 (KHTML, like Gecko) Chrome/149.0.0.0 Safari/537.36 Edg/149.0.0.0"
2.37.167.50 - - [08/Jun/2026:15:45:03 +0200] "GET /wp-content/cache/wpfc-minified/g52dp1tu/4lapt.css HTTP/2.0" 200 19034 "https://reggio-emilia.elettroservicegroup.it/assistenza-siemens-reggio-emilia/" "Mozilla/5.0 (Windows NT 10.0; Win64; x64) AppleWebKit/537.36 (KHTML, like Gecko) Chrome/149.0.0.0 Safari/537.36 Edg/149.0.0.0"
2.37.167.50 - - [08/Jun/2026:15:45:03 +0200] "GET /wp-content/cache/wpfc-minified/lnwln415/4lapt.js HTTP/2.0" 200 32852 "https://reggio-emilia.elettroservicegroup.it/assistenza-siemens-reggio-emilia/" "Mozilla/5.0 (Windows NT 10.0; Win64; x64) AppleWebKit/537.36 (KHTML, like Gecko) Chrome/149.0.0.0 Safari/537.36 Edg/149.0.0.0"
2.37.167.50 - - [08/Jun/2026:15:45:03 +0200] "GET /wp-content/plugins/elementor/assets/js/webpack.runtime.min.js?ver=4.1.1 HTTP/2.0" 200 2340 "https://reggio-emilia.elettroservicegroup.it/assistenza-siemens-reggio-emilia/" "Mozilla/5.0 (Windows NT 10.0; Win64; x64) AppleWebKit/537.36 (KHTML, like Gecko) Chrome/149.0.0.0 Safari/537.36 Edg/149.0.0.0"
2.37.167.50 - - [08/Jun/2026:15:45:03 +0200] "GET /wp-content/plugins/elementor/assets/js/frontend-modules.min.js?ver=4.1.1 HTTP/2.0" 200 15454 "https://reggio-emilia.elettroservicegroup.it/assistenza-siemens-reggio-emilia/" "Mozilla/5.0 (Windows NT 10.0; Win64; x64) AppleWebKit/537.36 (KHTML, like Gecko) Chrome/149.0.0.0 Safari/537.36 Edg/149.0.0.0"
2.37.167.50 - - [08/Jun/2026:15:45:03 +0200] "GET /wp-content/themes/generatepress/assets/js/menu.min.js?ver=3.6.1 HTTP/2.0" 200 1688 "https://reggio-emilia.elettroservicegroup.it/assistenza-siemens-reggio-emilia/" "Mozilla/5.0 (Windows NT 10.0; Win64; x64) AppleWebKit/537.36 (KHTML, like Gecko) Chrome/149.0.0.0 Safari/537.36 Edg/149.0.0.0"
2.37.167.50 - - [08/Jun/2026:15:45:03 +0200] "GET /wp-includes/js/jquery/ui/core.min.js?ver=1.13.3 HTTP/2.0" 200 6820 "https://reggio-emilia.elettroservicegroup.it/assistenza-siemens-reggio-emilia/" "Mozilla/5.0 (Windows NT 10.0; Win64; x64) AppleWebKit/537.36 (KHTML, like Gecko) Chrome/149.0.0.0 Safari/537.36 Edg/149.0.0.0"
2.37.167.50 - - [08/Jun/2026:15:45:03 +0200] "GET /wp-content/plugins/elementor/assets/js/frontend.min.js?ver=4.1.1 HTTP/2.0" 200 10140 "https://reggio-emilia.elettroservicegroup.it/assistenza-siemens-reggio-emilia/" "Mozilla/5.0 (Windows NT 10.0; Win64; x64) AppleWebKit/537.36 (KHTML, like Gecko) Chrome/149.0.0.0 Safari/537.36 Edg/149.0.0.0"
2.37.167.50 - - [08/Jun/2026:15:45:03 +0200] "GET /wp-content/themes/generatepress/assets/js/back-to-top.min.js?ver=3.6.1 HTTP/2.0" 200 336 "https://reggio-emilia.elettroservicegroup.it/assistenza-siemens-reggio-emilia/" "Mozilla/5.0 (Windows NT 10.0; Win64; x64) AppleWebKit/537.36 (KHTML, like Gecko) Chrome/149.0.0.0 Safari/537.36 Edg/149.0.0.0"
2.37.167.50 - - [08/Jun/2026:15:45:03 +0200] "GET /wp-content/plugins/complianz-gdpr-premium/cookiebanner/js/complianz.min.js?ver=1780326507 HTTP/2.0" 200 10708 "https://reggio-emilia.elettroservicegroup.it/assistenza-siemens-reggio-emilia/" "Mozilla/5.0 (Windows NT 10.0; Win64; x64) AppleWebKit/537.36 (KHTML, like Gecko) Chrome/149.0.0.0 Safari/537.36 Edg/149.0.0.0"
2.37.167.50 - - [08/Jun/2026:15:45:03 +0200] "GET /wp-content/uploads/2022/08/COPERTINA.png HTTP/2.0" 200 103422 "https://reggio-emilia.elettroservicegroup.it/wp-content/uploads/elementor/css/post-17828.css?ver=1780599551" "Mozilla/5.0 (Windows NT 10.0; Win64; x64) AppleWebKit/537.36 (KHTML, like Gecko) Chrome/149.0.0.0 Safari/537.36 Edg/149.0.0.0"
2.37.167.50 - - [08/Jun/2026:15:45:03 +0200] "GET /wp-content/uploads/2022/08/copertina-Riparazione_Lavastoviglie-.jpg HTTP/2.0" 200 35425 "https://reggio-emilia.elettroservicegroup.it/assistenza-siemens-reggio-emilia/" "Mozilla/5.0 (Windows NT 10.0; Win64; x64) AppleWebKit/537.36 (KHTML, like Gecko) Chrome/149.0.0.0 Safari/537.36 Edg/149.0.0.0"
2.37.167.50 - - [08/Jun/2026:15:45:03 +0200] "GET /wp-content/uploads/2022/08/ASCIUGATRICE-TECNIC.jpg HTTP/2.0" 200 40522 "https://reggio-emilia.elettroservicegroup.it/assistenza-siemens-reggio-emilia/" "Mozilla/5.0 (Windows NT 10.0; Win64; x64) AppleWebKit/537.36 (KHTML, like Gecko) Chrome/149.0.0.0 Safari/537.36 Edg/149.0.0.0"
2.37.167.50 - - [08/Jun/2026:15:45:03 +0200] "GET /wp-content/uploads/elementor/google-fonts/fonts/roboto-kfo7cnqeu92fr1me7ksn66agldtyluama3yuba.woff2 HTTP/2.0" 200 40132 "https://reggio-emilia.elettroservicegroup.it/wp-content/cache/wpfc-minified/8tnr6p1l/4lapt.css" "Mozilla/5.0 (Windows NT 10.0; Win64; x64) AppleWebKit/537.36 (KHTML, like Gecko) Chrome/149.0.0.0 Safari/537.36 Edg/149.0.0.0"
2.37.167.50 - - [08/Jun/2026:15:45:04 +0200] "GET /wp-content/plugins/elementor/assets/js/section-frontend-handlers.d85ab872da118940910d.bundle.min.js HTTP/2.0" 200 230 "https://reggio-emilia.elettroservicegroup.it/assistenza-siemens-reggio-emilia/" "Mozilla/5.0 (Windows NT 10.0; Win64; x64) AppleWebKit/537.36 (KHTML, like Gecko) Chrome/149.0.0.0 Safari/537.36 Edg/149.0.0.0"
2.37.167.50 - - [08/Jun/2026:15:45:04 +0200] "GET /wp-content/plugins/elementor/assets/js/text-editor.45609661e409413f1cef.bundle.min.js HTTP/2.0" 200 592 "https://reggio-emilia.elettroservicegroup.it/assistenza-siemens-reggio-emilia/" "Mozilla/5.0 (Windows NT 10.0; Win64; x64) AppleWebKit/537.36 (KHTML, like Gecko) Chrome/149.0.0.0 Safari/537.36 Edg/149.0.0.0"
2.37.167.50 - - [08/Jun/2026:15:45:04 +0200] "GET /wp-content/plugins/elementor/assets/js/shared-frontend-handlers.03caa53373b56d3bab67.bundle.min.js HTTP/2.0" 200 2515 "https://reggio-emilia.elettroservicegroup.it/assistenza-siemens-reggio-emilia/" "Mozilla/5.0 (Windows NT 10.0; Win64; x64) AppleWebKit/537.36 (KHTML, like Gecko) Chrome/149.0.0.0 Safari/537.36 Edg/149.0.0.0"
2.37.167.50 - - [08/Jun/2026:15:45:04 +0200] "GET /wp-json/complianz/v1/banner?lang=it&locale=it_IT&token=opiey HTTP/2.0" 200 84 "https://reggio-emilia.elettroservicegroup.it/assistenza-siemens-reggio-emilia/" "Mozilla/5.0 (Windows NT 10.0; Win64; x64) AppleWebKit/537.36 (KHTML, like Gecko) Chrome/149.0.0.0 Safari/537.36 Edg/149.0.0.0"
2.37.167.50 - - [08/Jun/2026:15:45:04 +0200] "GET /wp-content/uploads/complianz/css/banner-1-optin.css?v=511 HTTP/2.0" 200 2622 "https://reggio-emilia.elettroservicegroup.it/assistenza-siemens-reggio-emilia/" "Mozilla/5.0 (Windows NT 10.0; Win64; x64) AppleWebKit/537.36 (KHTML, like Gecko) Chrome/149.0.0.0 Safari/537.36 Edg/149.0.0.0"
2.37.167.50 - - [08/Jun/2026:15:45:04 +0200] "GET /wp-content/uploads/2021/10/cropped-cropped-cropped-cropped-logo_white_background-32x32.png HTTP/2.0" 200 1181 "https://reggio-emilia.elettroservicegroup.it/assistenza-siemens-reggio-emilia/" "Mozilla/5.0 (Windows NT 10.0; Win64; x64) AppleWebKit/537.36 (KHTML, like Gecko) Chrome/149.0.0.0 Safari/537.36 Edg/149.0.0.0"
2.37.167.50 - - [08/Jun/2026:15:45:04 +0200] "GET /wp-json/complianz/v1/cookie_data HTTP/2.0" 200 82 "https://reggio-emilia.elettroservicegroup.it/assistenza-siemens-reggio-emilia/" "Mozilla/5.0 (Windows NT 10.0; Win64; x64) AppleWebKit/537.36 (KHTML, like Gecko) Chrome/149.0.0.0 Safari/537.36 Edg/149.0.0.0"
65.108.235.243 - - [08/Jun/2026:15:45:10 +0200] "POST /wp-cron.php?doing_wp_cron=1780926310.9761629104614257812500 HTTP/1.1" 200 1 "-" "WordPress/7.0; https://reggio-emilia.elettroservicegroup.it"
2.37.167.50 - - [08/Jun/2026:15:45:10 +0200] "POST /wp-json/complianz/v1/track HTTP/2.0" 200 20 "https://reggio-emilia.elettroservicegroup.it/assistenza-siemens-reggio-emilia/" "Mozilla/5.0 (Windows NT 10.0; Win64; x64) AppleWebKit/537.36 (KHTML, like Gecko) Chrome/149.0.0.0 Safari/537.36 Edg/149.0.0.0"
2.37.167.50 - - [08/Jun/2026:15:45:19 +0200] "GET /wp-content/uploads/2022/01/ASCIUGATRICE-TECNIC.jpg HTTP/2.0" 200 43278 "https://reggio-emilia.elettroservicegroup.it/assistenza-siemens-reggio-emilia/" "Mozilla/5.0 (Windows NT 10.0; Win64; x64) AppleWebKit/537.36 (KHTML, like Gecko) Chrome/149.0.0.0 Safari/537.36 Edg/149.0.0.0"
2.37.167.50 - - [08/Jun/2026:15:45:40 +0200] "GET /wp-content/uploads/2026/05/logo.png HTTP/2.0" 200 48185 "https://reggio-emilia.elettroservicegroup.it/assistenza-siemens-reggio-emilia/" "Mozilla/5.0 (Windows NT 10.0; Win64; x64) AppleWebKit/537.36 (KHTML, like Gecko) Chrome/149.0.0.0 Safari/537.36 Edg/149.0.0.0"
2.37.167.50 - - [08/Jun/2026:15:45:46 +0200] "GET /wp-content/plugins/complianz-gdpr-premium/assets/images/placeholders/google-maps-minimal-1280x920.jpg HTTP/2.0" 200 55264 "https://reggio-emilia.elettroservicegroup.it/assistenza-siemens-reggio-emilia/" "Mozilla/5.0 (Windows NT 10.0; Win64; x64) AppleWebKit/537.36 (KHTML, like Gecko) Chrome/149.0.0.0 Safari/537.36 Edg/149.0.0.0"
65.108.235.243 - - [08/Jun/2026:15:48:34 +0200] "POST /wp-cron.php?doing_wp_cron=1780926514.2000770568847656250000 HTTP/1.1" 200 1 "-" "WordPress/7.0; https://reggio-emilia.elettroservicegroup.it"
103.74.176.230 - - [08/Jun/2026:15:48:32 +0200] "GET / HTTP/1.1" 200 25445 "-" "Mozilla/5.0 (Linux; Android 15; SM-S911B Build/AP3A.240905.015.A2; ) AppleWebKit/537.36 (KHTML, like Gecko) Version/4.0 Chrome/140.0.7339.119 Mobile Safari/537.36 MetaIAB"
65.108.235.243 - - [08/Jun/2026:15:48:34 +0200] "GET /assistenza-lavastoviglie-guastalla/ HTTP/1.1" 200 25269 "-" "WP Fastest Cache Preload Bot"
65.108.235.243 - - [08/Jun/2026:15:48:35 +0200] "GET /assistenza-lavastoviglie-correggio/ HTTP/1.1" 200 25267 "-" "WP Fastest Cache Preload Bot"
65.108.235.243 - - [08/Jun/2026:15:48:36 +0200] "GET /assistenza-indesit-guastalla/ HTTP/1.1" 200 24762 "-" "WP Fastest Cache Preload Bot"
107.173.225.46 - - [08/Jun/2026:15:48:38 +0200] "GET /wp-content/plugins/elementor/assets/css/frontend.min.css?ver=4.1.1 HTTP/1.1" 200 6618 "https://www.yandex.it/" "Mozilla/5.0 (Linux; U; Android 15; SM-A165F Build/AP3A.240905.015.A2; wv) AppleWebKit/537.36 (KHTML, like Gecko) Version/4.0 Chrome/140.0.7339.51 Mobile Safari/537.36 OPR/94.0.2254.78762"
103.74.176.230 - - [08/Jun/2026:15:48:38 +0200] "GET /wp-content/themes/generatepress/assets/css/main.min.css?ver=3.6.1 HTTP/1.1" 200 4410 "-" "Mozilla/5.0 (Linux; Android 15; SM-S911B Build/AP3A.240905.015.A2; ) AppleWebKit/537.36 (KHTML, like Gecko) Version/4.0 Chrome/140.0.7339.119 Mobile Safari/537.36 MetaIAB"
65.108.235.243 - - [08/Jun/2026:15:48:37 +0200] "GET /assistenza-lavastoviglie-reggio-emilia/ HTTP/1.1" 200 25214 "-" "WP Fastest Cache Preload Bot"
103.74.176.254 - - [08/Jun/2026:15:48:38 +0200] "GET /wp-content/uploads/elementor/google-fonts/css/robotoslab.css?ver=1742255003 HTTP/2.0" 200 721 "https://reggio-emilia.elettroservicegroup.it/" "Mozilla/5.0 (Linux; Android 14; Pixel 6 Pro) AppleWebKit/537.36 (KHTML, like Gecko) Chrome/122.0.6261.119 Mobile Safari/537.36 OPR/81.2.4292.78581"
103.74.176.253 - - [08/Jun/2026:15:48:39 +0200] "GET /wp-content/plugins/elementor/assets/lib/font-awesome/css/fontawesome.css?ver=5.15.3 HTTP/2.0" 200 12535 "-" "Mozilla/5.0 (Linux; Android 11; SM-S901B) AppleWebKit/537.36 (KHTML, like Gecko) Chrome/112.0.0.0 Mobile Safari/537.36"
216.246.22.112 - - [08/Jun/2026:15:48:40 +0200] "GET /wp-content/uploads/elementor/css/post-14227.css?ver=1780595901 HTTP/2.0" 200 2362 "-" "Mozilla/5.0 (Linux; Android 14; Pixel 6 Pro) AppleWebKit/537.36 (KHTML, like Gecko) Chrome/122.0.6261.119 Mobile Safari/537.36 OPR/81.2.4292.78581"
103.74.176.253 - - [08/Jun/2026:15:48:44 +0200] "GET /wp-content/uploads/2021/10/Frigorifero-combinato-e1634459015932-768x502.jpg HTTP/2.0" 200 67030 "http://www.baidu.it/" "Mozilla/5.0 (Linux; Android 11; SM-S901B) AppleWebKit/537.36 (KHTML, like Gecko) Chrome/112.0.0.0 Mobile Safari/537.36"
47.128.110.98 - - [08/Jun/2026:15:49:08 +0200] "GET / HTTP/2.0" 200 25445 "-" "Mozilla/5.0 (Linux; Android 5.0) AppleWebKit/537.36 (KHTML, like Gecko) Mobile Safari/537.36 (compatible; TikTokSpider; ttspider-feedback@tiktok.com)"
47.128.110.98 - - [08/Jun/2026:15:49:09 +0200] "GET /wp-content/plugins/header-footer-elementor/inc/widgets-css/frontend.css?ver=2.8.8 HTTP/2.0" 200 8711 "https://reggio-emilia.elettroservicegroup.it/" "Mozilla/5.0 (Linux; Android 5.0) AppleWebKit/537.36 (KHTML, like Gecko) Mobile Safari/537.36 (compatible; TikTokSpider; ttspider-feedback@tiktok.com)"
47.128.110.98 - - [08/Jun/2026:15:49:09 +0200] "GET /wp-content/plugins/elementor/assets/css/widget-image.min.css?ver=4.1.1 HTTP/2.0" 200 96 "https://reggio-emilia.elettroservicegroup.it/" "Mozilla/5.0 (Linux; Android 5.0) AppleWebKit/537.36 (KHTML, like Gecko) Mobile Safari/537.36 (compatible; TikTokSpider; ttspider-feedback@tiktok.com)"
47.128.110.98 - - [08/Jun/2026:15:49:09 +0200] "GET /wp-content/plugins/all-in-one-seo-pack/dist/Lite/assets/css/table-of-contents/global.e90f6d47.css?ver=4.9.7.2 HTTP/2.0" 200 420 "https://reggio-emilia.elettroservicegroup.it/" "Mozilla/5.0 (Linux; Android 5.0) AppleWebKit/537.36 (KHTML, like Gecko) Mobile Safari/537.36 (compatible; TikTokSpider; ttspider-feedback@tiktok.com)"
47.128.110.98 - - [08/Jun/2026:15:49:09 +0200] "GET /wp-content/plugins/complianz-gdpr-premium/assets/css/cookieblocker.min.css?ver=1780326507 HTTP/2.0" 200 615 "https://reggio-emilia.elettroservicegroup.it/" "Mozilla/5.0 (Linux; Android 5.0) AppleWebKit/537.36 (KHTML, like Gecko) Mobile Safari/537.36 (compatible; TikTokSpider; ttspider-feedback@tiktok.com)"
47.128.110.98 - - [08/Jun/2026:15:49:09 +0200] "GET /wp-content/plugins/header-footer-elementor/assets/css/header-footer-elementor.css?ver=2.8.8 HTTP/2.0" 200 260 "https://reggio-emilia.elettroservicegroup.it/" "Mozilla/5.0 (Linux; Android 5.0) AppleWebKit/537.36 (KHTML, like Gecko) Mobile Safari/537.36 (compatible; TikTokSpider; ttspider-feedback@tiktok.com)"
47.128.110.98 - - [08/Jun/2026:15:49:09 +0200] "GET /wp-content/uploads/elementor/css/post-14146.css?ver=1780586498 HTTP/2.0" 200 428 "https://reggio-emilia.elettroservicegroup.it/" "Mozilla/5.0 (Linux; Android 5.0) AppleWebKit/537.36 (KHTML, like Gecko) Mobile Safari/537.36 (compatible; TikTokSpider; ttspider-feedback@tiktok.com)"
47.128.110.98 - - [08/Jun/2026:15:49:09 +0200] "GET /wp-content/plugins/elementor/assets/css/widget-heading.min.css?ver=4.1.1 HTTP/2.0" 200 127 "https://reggio-emilia.elettroservicegroup.it/" "Mozilla/5.0 (Linux; Android 5.0) AppleWebKit/537.36 (KHTML, like Gecko) Mobile Safari/537.36 (compatible; TikTokSpider; ttspider-feedback@tiktok.com)"
47.128.110.98 - - [08/Jun/2026:15:49:09 +0200] "GET /wp-content/plugins/elementor/assets/lib/animations/styles/bounceIn.min.css?ver=4.1.1 HTTP/2.0" 200 186 "https://reggio-emilia.elettroservicegroup.it/" "Mozilla/5.0 (Linux; Android 5.0) AppleWebKit/537.36 (KHTML, like Gecko) Mobile Safari/537.36 (compatible; TikTokSpider; ttspider-feedback@tiktok.com)"
47.128.110.98 - - [08/Jun/2026:15:49:09 +0200] "GET /wp-content/plugins/elementor/assets/css/widget-spacer.min.css?ver=4.1.1 HTTP/2.0" 200 287 "https://reggio-emilia.elettroservicegroup.it/" "Mozilla/5.0 (Linux; Android 5.0) AppleWebKit/537.36 (KHTML, like Gecko) Mobile Safari/537.36 (compatible; TikTokSpider; ttspider-feedback@tiktok.com)"
47.128.110.98 - - [08/Jun/2026:15:49:09 +0200] "GET /wp-content/plugins/elementor/assets/lib/animations/styles/zoomIn.min.css?ver=4.1.1 HTTP/2.0" 200 87 "https://reggio-emilia.elettroservicegroup.it/" "Mozilla/5.0 (Linux; Android 5.0) AppleWebKit/537.36 (KHTML, like Gecko) Mobile Safari/537.36 (compatible; TikTokSpider; ttspider-feedback@tiktok.com)"
47.128.110.98 - - [08/Jun/2026:15:49:09 +0200] "GET /wp-content/plugins/elementor/assets/lib/font-awesome/css/v4-shims.min.css?ver=4.1.1 HTTP/2.0" 200 3986 "https://reggio-emilia.elettroservicegroup.it/" "Mozilla/5.0 (Linux; Android 5.0) AppleWebKit/537.36 (KHTML, like Gecko) Mobile Safari/537.36 (compatible; TikTokSpider; ttspider-feedback@tiktok.com)"
47.128.110.98 - - [08/Jun/2026:15:49:09 +0200] "GET /wp-content/uploads/elementor/css/post-14227.css?ver=1780595901 HTTP/2.0" 200 2362 "https://reggio-emilia.elettroservicegroup.it/" "Mozilla/5.0 (Linux; Android 5.0) AppleWebKit/537.36 (KHTML, like Gecko) Mobile Safari/537.36 (compatible; TikTokSpider; ttspider-feedback@tiktok.com)"
47.128.110.98 - - [08/Jun/2026:15:49:09 +0200] "GET /wp-content/plugins/elementor/assets/css/frontend.min.css?ver=4.1.1 HTTP/2.0" 200 6618 "https://reggio-emilia.elettroservicegroup.it/" "Mozilla/5.0 (Linux; Android 5.0) AppleWebKit/537.36 (KHTML, like Gecko) Mobile Safari/537.36 (compatible; TikTokSpider; ttspider-feedback@tiktok.com)"
47.128.110.98 - - [08/Jun/2026:15:49:09 +0200] "GET /wp-content/plugins/elementor/assets/lib/font-awesome/css/all.min.css?ver=4.1.1 HTTP/2.0" 200 12402 "https://reggio-emilia.elettroservicegroup.it/" "Mozilla/5.0 (Linux; Android 5.0) AppleWebKit/537.36 (KHTML, like Gecko) Mobile Safari/537.36 (compatible; TikTokSpider; ttspider-feedback@tiktok.com)"
47.128.110.98 - - [08/Jun/2026:15:49:09 +0200] "GET /wp-content/uploads/elementor/css/post-14366.css?ver=1780586500 HTTP/2.0" 200 302 "https://reggio-emilia.elettroservicegroup.it/" "Mozilla/5.0 (Linux; Android 5.0) AppleWebKit/537.36 (KHTML, like Gecko) Mobile Safari/537.36 (compatible; TikTokSpider; ttspider-feedback@tiktok.com)"
